{"id":133,"date":"2022-10-06T22:02:13","date_gmt":"2022-10-06T22:02:13","guid":{"rendered":"https:\/\/soybriansandoval.com\/web\/?page_id=133"},"modified":"2022-10-17T17:43:26","modified_gmt":"2022-10-17T17:43:26","slug":"133-2","status":"publish","type":"page","link":"https:\/\/soybriansandoval.com\/index.php\/133-2\/","title":{"rendered":""},"content":{"rendered":"\n<div class=\"wp-container-3 wp-block-columns\" style=\"margin-top:-150px\">\n\n<div class=\"wp-container-1 wp-block-column\">\n\n<figure class=\"wp-block-image size-large\"><img loading=\"lazy\" width=\"861\" height=\"1024\" src=\"https:\/\/soybriansandoval.com\/web\/wp-content\/uploads\/2022\/10\/foto_post-861x1024.jpg\" alt=\"\" class=\"wp-image-134\" srcset=\"https:\/\/soybriansandoval.com\/web\/wp-content\/uploads\/2022\/10\/foto_post-861x1024.jpg 861w, https:\/\/soybriansandoval.com\/web\/wp-content\/uploads\/2022\/10\/foto_post-252x300.jpg 252w, https:\/\/soybriansandoval.com\/web\/wp-content\/uploads\/2022\/10\/foto_post-768x913.jpg 768w, https:\/\/soybriansandoval.com\/web\/wp-content\/uploads\/2022\/10\/foto_post.jpg 908w\" sizes=\"(max-width: 861px) 100vw, 861px\" \/><\/figure>\n\n<\/div>\n\n\n<div class=\"wp-container-2 wp-block-column\">\n\n<h5 class=\"has-text-color\" style=\"color:#ffc280\">BRIAN SANDOVAL<\/h5>\n\n\n<p>Brian Sandoval inicia su carrera art\u00edstica en el a\u00f1o 2014 como la voz principal del Norte\u00f1o Banda 4.5, en donde recorri\u00f3 los palenques y escenarios m\u00e1s representativos de M\u00e9xico abriendo conciertos de importantes artistas como Juli\u00f3n \u00c1lvarez.  Desde peque\u00f1o Brian descubri\u00f3 su habilidad para componer, talento que lo ha llevado a colaborar con muchos artistas, consiguiendo grandes \u00e9xitos que han sido interpretados por artistas como Remmy Valenzuela, Gerardo Ort\u00edz, Grupo Voz de Mando, Juli\u00f3n \u00c1lvarez, Alejandro Fern\u00e1ndez, Chico Elizalde, Javier Rosas, entre otros.<\/p><p>\nActualmente, Brian Sandoval se encuentra en su faceta como solista, promocionando su m\u00e1s reciente sencillo \u201cYo voy al volante\u201d, un corrido con una propuesta diferente, ya que no toca temas b\u00e9licos, m\u00e1s bien busca empoderar y motivar a quien lo escuche, demostrando que con esfuerzo y dedicaci\u00f3n todo es posible.<\/p>\n\n<\/div>\n\n<\/div>\n","protected":false},"excerpt":{"rendered":"<p>BRIAN SANDOVAL Brian Sandoval inicia su carrera art\u00edstica en el a\u00f1o 2014 como la voz principal del Norte\u00f1o Banda 4.5, en donde recorri\u00f3 los palenques y escenarios m\u00e1s representativos de<\/p>\n<p class=\"more-link\"><a class=\"button\" href=\"https:\/\/soybriansandoval.com\/index.php\/133-2\/\" class=\"readmore\">Continue reading<span class=\"screen-reader-text\"><\/span><\/a><\/p>\n","protected":false},"author":1,"featured_media":0,"parent":0,"menu_order":0,"comment_status":"closed","ping_status":"closed","template":"templates\/no-sidebar.php","meta":{"om_disable_all_campaigns":false,"_monsterinsights_skip_tracking":false,"_monsterinsights_sitenote_active":false,"_monsterinsights_sitenote_note":"","_monsterinsights_sitenote_category":0},"aioseo_notices":[],"_links":{"self":[{"href":"https:\/\/soybriansandoval.com\/index.php\/wp-json\/wp\/v2\/pages\/133"}],"collection":[{"href":"https:\/\/soybriansandoval.com\/index.php\/wp-json\/wp\/v2\/pages"}],"about":[{"href":"https:\/\/soybriansandoval.com\/index.php\/wp-json\/wp\/v2\/types\/page"}],"author":[{"embeddable":true,"href":"https:\/\/soybriansandoval.com\/index.php\/wp-json\/wp\/v2\/users\/1"}],"replies":[{"embeddable":true,"href":"https:\/\/soybriansandoval.com\/index.php\/wp-json\/wp\/v2\/comments?post=133"}],"version-history":[{"count":8,"href":"https:\/\/soybriansandoval.com\/index.php\/wp-json\/wp\/v2\/pages\/133\/revisions"}],"predecessor-version":[{"id":214,"href":"https:\/\/soybriansandoval.com\/index.php\/wp-json\/wp\/v2\/pages\/133\/revisions\/214"}],"wp:attachment":[{"href":"https:\/\/soybriansandoval.com\/index.php\/wp-json\/wp\/v2\/media?parent=133"}],"curies":[{"name":"wp","href":"https:\/\/api.w.org\/{rel}","templated":true}]}}